2, 5
Let l be 15/(172/44 + -4). What are the prime factors of ((-20)/6)/(1 + 167/l)?
5, 11
Let r(t) = -t**3 - t**2 + 6*t - 5. Suppose -21*g = -24*g - 15. Let u be r(g). Suppose 67 = n + u. What are the prime factors of n?
2
Suppose -15*k + 1400 - 440 = 0. What are the prime factors of ((k/12)/16)/(2/1524)?
2, 127
Suppose 6*p - 5*p = -129. Let h = p - -236. List the prime factors of h/1 + -4 - 0.
103
Suppose 0 = 2*o + v - 794, -321*v - 10 = -326*v. List the prime factors of o.
2, 3, 11
Let a = -66 - -68. Let y = 15 + -16. List the prime factors of 106/(-3)*((-4)/a + y).
2, 53
Suppose 3*r - 4 = 14. Let c = -5 + r. List the prime factors of (66 + (-2 - -1))/c.
5, 13
What are the prime factors of ((-25438 - -2) + 2)*(-6)/90*15?
2, 3, 157
Let x = 736 - 711. What are the prime factors of ((-2406)/(-90)*9)/(5/x)?
3, 401
Let t be (-7649)/(-7) + 72/252. List the prime factors of -3 + (t/2 - (-10)/20).
2, 17
Suppose 0 = -25*v + 170499 + 100901. List the prime factors of v.
2, 23, 59
Suppose 7*x + 8*x = 15480. List the prime factors of (x - (3 + 3)) + 2.
2, 257
Let b(a) be the third derivative of -a**6/120 - a**5/20 - a**3/6 - 9*a**2. Let l be b(-4). Let z = 62 - l. List the prime factors of z.
47
Let t be ((-2 + 2)/(9/(-3)))/(-2). Suppose t = -4*l + 3*l. List the prime factors of -1*(((-3)/3 - 114) + l).
5, 23
Let t = -6788 + 12705. What are the prime factors of t?
61, 97
Let m = 245 - 245. List the prime factors of 1/(m - -1)*(147 + -7).
2, 5, 7
Suppose -3*i - 17480 = -n, -215*n + 87400 = -210*n + 4*i. List the prime factors of n.
2, 5, 19, 23
Suppose -1368 = 2*f + d, f + 5*d + 944 - 269 = 0. What are the prime factors of f/(-137)*(464/5 - -1)?
7, 67
Let v = 398 + -393. Suppose v*q = -3*d + 710, -145 = -3*d + 2*q + 558. What are the prime factors of d?
5, 47
Let s(n) = -3*n + 20. Let t(m) = m**3 + 12*m**2 - 13*m + 10. Let f be t(-13). Suppose -f*d + 100 = -15*d. List the prime factors of s(d).
2, 5
Let g(t) = 43*t - 3. Let r be g(1). Let h = -29 + r. Let l(b) = 2*b**2 - 15*b + 11. List the prime factors of l(h).
2, 11
Let h(a) = 5*a - 12. Let f be h(3). Suppose -f*p + 20 = 4*k + 6, -p = 2. What are the prime factors of (3*k/(-15))/(2/(-290))?
5, 29
Let q be -39 - 0*1/2. Let s be (86 - -4) + (-21)/(3 - 0). Let n = s + q. List the prime factors of n.
2, 11
Let s be 4/(-3) + 665/63*-3. Let f(g) = -g**3 - 33*g**2 - 4*g + 61. What are the prime factors of f(s)?
193
Let a be 2*(6 + -7 + 2). Suppose 8*l - 6680 = -a*l. List the prime factors of l.
2, 167
Let l(z) = 6*z**2 + 120*z + 354. What are the prime factors of l(50)?
2, 3, 3559
Let j(c) = c**3 - 10*c**2 - 14*c + 34. Let p be j(11). What are the prime factors of (p + 0)/(4 + (-2414)/604)?
2, 151
Let l be (-24 + 14)/(2/2*-2). Suppose -3*g + 5*x + 209 = -0*g, l*x = 2*g - 136. What are the prime factors of g?
73
Let l = -10811 + 10541. Suppose -3*o = o + 4. List the prime factors of ((-9)/(-18))/(o/l).
3, 5
Suppose 2*l - 2858 = -4*k, -4*k - 754 - 681 = -l. What are the prime factors of l?
3, 53
Suppose -144*u + 1679838 + 1176013 - 612763 = 0. List the prime factors of u.
37, 421
Suppose -3*k = -8 - 40. Let r be k - 13 - -2*6/(-4). Suppose -3*g + 3*n + 183 = r, -3*n + 27 + 100 = 2*g. List the prime factors of g.
2, 31
Suppose 5*p - 8124 - 6126 = 0. Suppose -26*i - 31*i = -p. What are the prime factors of i?
2, 5
Let c = 454 - 190. Let v be 4/7 + c/77. Suppose 5*d = -v*x + 3*d + 266, -2*x + d = -143. List the prime factors of x.
3, 23
Let k = -25234 + 39333. List the prime factors of k.
23, 613
Let d(s) = -4*s**2 - 182*s + 189. What are the prime factors of d(-39)?
3, 401
What are the prime factors of (3/2)/(23 + 6032380/(-262280))?
79, 83
Let j = 126 - -4799. What are the prime factors of j?
5, 197
Let v(h) be the second derivative of 11*h**3/6 - 5*h**2 + h. Suppose 2*a + a - 27 = -5*g, 0 = 4*g + 3*a - 24. What are the prime factors of v(g)?
23
Suppose -z - 5*c + 828 = -3318, 0 = c + 2. What are the prime factors of z?
2, 1039
Let k(v) = -v**3 - v**2 - 3. Let s be k(-2). Let h be ((-15)/10)/(s/4*-2). Suppose 293 = h*q - m, 3*q + m - 259 = 36. List the prime factors of q.
2, 7
Let j(p) = 5*p**2 + 3*p - 1. Let n be j(4). Suppose 95*o - 2460 = n*o. What are the prime factors of o?
3, 5, 41
What are the prime factors of (6021 - -29) + 13/(-1)?
6037
Let c(t) be the third derivative of t**5/15 + 14*t**2. Let f be c(1). Suppose 131 = 3*m + 5*z, -f*m + z = -0*z - 190. List the prime factors of m.
47
Let a = 32 + -26. Let n(g) = -g**3 + 6*g**2 - 2*g + 2. Let o be n(a). What are the prime factors of -1 + (495/o)/(3/(-6))?
2, 7
Let l = -14131 - -29777. List the prime factors of l.
2, 7823
Let x(p) = -15*p - 160. Let j be x(-25). Suppose j*v - 231*v = -16720. What are the prime factors of v?
5, 11, 19
Suppose -44*m + 351000 = 59*m - 31*m. List the prime factors of m.
3, 5, 13
Let d(c) = 39*c**2 - c - 34. Let p be d(7). Suppose -30*r - 5*l + 965 = -29*r, 0 = -2*r + 2*l + p. What are the prime factors of r?
2, 5, 47
Let p = -194 + 198. Suppose 2546 = 5*r + p*x, -2*r + 367 = -x - 654. List the prime factors of r.
2, 3, 5, 17
Let c(d) = -111*d**3 + d**2 - 7*d + 5. Let g be c(3). List the prime factors of (-6)/(24/g) - 2.
7, 107
Let k be 1/(3 + 94/(-32)). Let o = k + -15. List the prime factors of 4/18 + 752/18 - o.
41
Let c = 17934 + -11911. What are the prime factors of c?
19, 317
Let i(l) = 18*l**2 + 10*l - 9. Let t be i(-8). Let p = t + -407. List the prime factors of p.
2, 41
What are the prime factors of 26 + (-96)/(-16) + 40180?
2, 3, 1117
Let w = 138 - 128. Suppose -995 = -w*i + 1085. List the prime factors of i.
2, 13
Let m be -10*(219/(-5) - (-30 - -29)). Let h = m + -292. List the prime factors of h.
2, 17
Suppose -7*k + 27993 + 11529 = 0. List the prime factors of k.
2, 3, 941
Let w(p) = -9*p + 15. Let s be 2/(1 + 135/(-129)). Let b = s + 35. What are the prime factors of w(b)?
3, 29
What are the prime factors of (-6 + 3480 + 16)*4?
2, 5, 349
Let l be (-2 - -2 - 3) + 2. What are the prime factors of l/(-3) + 278/3?
3, 31
Suppose -2*h + 31474 = 5*y, 3*h - 16737 - 30464 = -5*y. What are the prime factors of h?
15727
Suppose 0 = -2*f - 0*f + 98. Suppose 76 = w + f. Suppose -3 = w*s - 28*s. What are the prime factors of s?
3
List the prime factors of (2 - 6/(-4))*-107*5280/(-56).
2, 3, 5, 11, 107
Suppose -o + 28 = 6*o. Suppose -o*r - n = -2*r - 16, 0 = 5*r + 4*n - 34. Suppose 6*f - r*f = -40. List the prime factors of f.
2, 5
Suppose -a + 1948 = -6*g + 4*g, 0 = -4*a + g + 7834. What are the prime factors of a?
2, 5, 7
Let g(h) = -5*h**2 + 8*h**2 + h**3 + 14*h**2 - 2*h - 10. Let b be g(-17). What are the prime factors of (b/15)/(2/10)?
2
Suppose -2*g + 5 = -75. List the prime factors of 19*(-16)/g*10*-3.
2, 3, 19
Let y = 60548 - 6927. What are the prime factors of y?
29, 43
Let u(h) = 5*h - 131. What are the prime factors of u(33)?
2, 17
Suppose 50*h - 134*h - 48*h = -1515492. List the prime factors of h.
3, 43, 89
Let h(t) = -t**2 - 2*t + 5. Let k be h(-2). Suppose 2*n = 3*l + 4, 1 = -n - k*l - 10. List the prime factors of (404/(-10))/(n/5).
2, 101
List the prime factors of (-17)/((30/(-1224))/5).
2, 3, 17
Let c(a) = 8*a - 46. Let h be 2365/(-86)*(-2)/5. List the prime factors of c(h).
2, 3, 7
Suppose -5*p = -5 - 20. Suppose 4*h + y - 12 = 0, 3*h - p*y = h + 6. What are the prime factors of (5/30*h)/(2/432)?
2, 3
Let w(d) = -d**3 - d**2 + 35*d - 10. Let s be w(5). Suppose 11309 = s*o - 6646. List the prime factors of o.
3, 7, 19
Let l = -67340 + 130605. List the prime factors of l.
5, 12653
Let x = 56426 - 36243. List the prime factors of x.
20183
Suppose 4*h + 0*h = b + 196, -3*h + b = -148. List the prime factors of (4*(-136)/h)/((-2)/12).
2, 17
Suppose 14*j + 5*c - 8 = 13*j, -5*j + 12 = -3*c. Suppose -j*r - 322 = -349. What are the prime factors of r?
3
Let u(h) = -h + 83. Suppose 28 = 5*m + 3*b, -b = 3*m + 5 - 21. Suppose 0 = 4*f + 6*x - m*x + 62, 2*x - 20 = f. What are the prime factors of u(f)?
3, 11
Let j(w) = -w**3 - 17*w**2 - 23*w - 96. Let r be j(-16). Suppose 5783 = r*h - 7801. What are the prime factors of h?
3, 283
Let b = 31 + -37. Let t(n) = n + 14. Let o be t(b). List the prime factors of 1374/o - ((-28)/(-16))/(-7).
2, 43
Let k be 13334/10 - (1 + 18/(-30)). Suppose -2337 = -10*v + k. List the pr